= u + 2*u, 3*g + 15 = 0. Suppose -20 = -2*m - 2*m. Calculate the remainder when u is divided by (1/2)/(m/100).
9
Let d(x) = -x**2 - 14*x + 6. What is the remainder when 163 is divided by d(-7)?
53
Let m(h) = 7 + 6*h - h**3 - 5*h**2 + h**2 - h - 2. What is the remainder when m(-6) is divided by 16?
15
Let x = 0 - -19. What is the remainder when x is divided by 4?
3
Suppose -n - 2*n = -3. Let s = 2 - -1. What is the remainder when 93/12 - n/(-4) is divided by s?
2
Suppose 15 = 2*g - 1. Calculate the remainder when 35 is divided by g.
3
Suppose -2*v = -v - 22. Suppose 0 = 2*f + 4*w - 3 - 3, -5*f - 3*w = -v. What is the remainder when f is divided by 2?
1
Suppose -2*w = 3*w. Suppose 3*z - v - 29 = w, -z + 21 = 2*z - 3*v. What is the remainder when 21 is divided by z?
10
Let q(n) = -n**2 - 4*n + 7. Let h be q(-5). Calculate the remainder when (0 - 22)*h/(-4) is divided by 4.
3
Suppose 18 = -5*j + 3*j. Let f(r) = -r**3 - 10*r**2 - 10*r - 1. What is the remainder when 15 is divided by f(j)?
7
Let q(i) = -i**2 + 4*i + 5. Let w be q(6). Let z = w + 6. Let y(x) = -42*x**3 + 1. Calculate the remainder when y(z) is divided by 22.
21
Let c(l) = -4*l + 6*l**2 - 2 + 0*l - 5*l**2. Calculate the remainder when c(5) is divided by 3.
0
Suppose 0 = -t + 39 - 9. What is the remainder when 42 is divided by t?
12
Let j = 84 - 58. Calculate the remainder when 153 is divided by j.
23
What is the remainder when 57 is divided by (-39)/26*(-68)/6?
6
Let i be (-371)/(-14) - 2/4. Let o = i - -11. Calculate the remainder when o is divided by 10.
7
Let x(w) = -8*w + 7. Let q(f) = 6*f - 1. Calculate the remainder when x(-3) is divided by q(2).
9
Let f(o) = o - 4. Let b be f(7). Suppose b*v - 77 - 1 = 0. What is the remainder when 77 is divided by v?
25
Suppose -d - 18 = -3*d. Let p = -14 + 18. What is the remainder when p/(-1 - (-10)/8) is divided by d?
7
Let y be (-63)/((-9)/(-3)) - 0. Calculate the remainder when 13 is divided by 14/21*y/(-2).
6
Suppose 5*k + q + 0*q - 9 = 0, -3*k + q + 7 = 0. Calculate the remainder when 2 is divided by k.
0
Let x(y) = y**3 + 4*y**2 - 3*y + 4. Let u be x(-5). Let c be 37/(-2) + (-3)/u. Let h = 0 - c. Calculate the remainder when 35 is divided by h.
17
Calculate the remainder when (-520)/(-9) - (-12)/54 is divided by 22.
14
Let u(f) = -f**2 - 5*f + 8. Let x be u(-6). Suppose x*d + 6 - 14 = 0. Suppose 14 = -5*j + 44. Calculate the remainder when j is divided by d.
2
Let h(y) = 2*y**3 - 3*y**2 + 2*y - 1. Calculate the remainder when 111 is divided by h(2).
6
Let d(i) = i**3 - 3*i - 2. What is the remainder when 62 is divided by d(3)?
14
Suppose 3*i - 5*i = -3*d + 3, 5 = i + 5*d. Let k(f) = -f**3 - f + 8. Calculate the remainder when (1 + 0)/((-5)/(-115)) is divided by k(i).
7
Suppose -9 = -2*f + 5*f, -5*f - 65 = -2*x. Let l = x - 9. What is the remainder when l is divided by 6?
4
Let v(q) = 4*q**2 - 4*q + 2. Let s be (5/5)/(1/2). Let y(u) = 3*u + 3. What is the remainder when y(5) is divided by v(s)?
8
Suppose -2*s = s - f - 44, 5*s + 3*f = 50. What is the remainder when s is divided by 1?
0
Let g(s) = s**2 + 3*s - 19. What is the remainder when 34 is divided by g(-7)?
7
What is the remainder when 56 is divided by (12/(-8))/(1/(-20))?
26
Let h(i) = -i**3 + 6*i**2 - 4*i + 8. Calculate the remainder when h(4) is divided by 9.
6
Suppose 5*v - 47 = -5*a + 13, -3*a = -3*v + 12. What is the remainder when 28 is divided by v?
4
Suppose -2*f - f - 27 = -3*p, -4*f = -p + 3. Suppose 6 + 0 = -2*b. Let g(o) = -6*o + 3. What is the remainder when g(b) is divided by p?
10
Suppose 13 = 4*g - 5*m, -3*g - m = 21 - 7. Let p = 5 - g. Calculate the remainder when 14 is divided by p.
6
Suppose 0 = 3*y + 5*h - 34, 0*y + 26 = 2*y + 5*h. What is the remainder when 14 is divided by y?
6
Suppose -10*i = -7*i - 432. Calculate the remainder when i is divided by 37.
33
Let b(c) = 26*c**3 + 2*c**2 - 1. Calculate the remainder when b(1) is divided by (-144)/(-15) - 2/(-5).
7
Suppose -z - 2*z = -6. Calculate the remainder when 4 is divided by z.
0
Suppose q + 34 = 2*y + 13, 3*y + 5*q = 51. What is the remainder when 19 is divided by y?
7
Let n = 4 - 3. Let h be (4/5)/(n/5). Suppose -5*f + 149 = h*c, f + 106 = 3*c - f. Calculate the remainder when c is divided by 19.
17
Suppose -u = 3, 65 = 11*t - 9*t - 5*u. Let c(w) = w. What is the remainder when t is divided by c(7)?
4
Let f(z) = -z**3 - 11*z**2 + 11. Calculate the remainder when 31 is divided by f(-11).
9
Suppose 5*n - 3*y - 75 = -8*y, 5*y = 3*n - 37. Calculate the remainder when 41 is divided by n.
13
Suppose f + 3*f - 100 = 0. Suppose -t + 4*t = 27. What is the remainder when f is divided by t?
7
Suppose -3*q = -9, -4*q + 20 + 34 = 3*x. What is the remainder when 39 is divided by x?
11
Let j be (2/(-8) - -1)*-8. Let p be ((-6)/(-4))/(j/(-8)). Suppose 16 = a - p. Calculate the remainder when 53 is divided by a.
17
Suppose 0 = j - 2*j + 3*d, 0 = -2*j - 3*d + 9. Calculate the remainder when ((-20)/6)/((-4)/6) is divided by j.
2
Let s = -99 + 124. Calculate the remainder when 174 is divided by s.
24
Calculate the remainder when ((324/(-21))/3)/(1/(-7)) is divided by 7.
1
Let v(w) = 14*w**2. What is the remainder when 27 is divided by v(-1)?
13
Suppose -3*u + u = -2. Suppose 5 = 4*h + 1. What is the remainder when h is divided by u?
0
Let s = -4 + 1. Let b be 22 - 2*s/(-2). Let t = b + -11. Calculate the remainder when 22 is divided by t.
6
Suppose 3*x - 413 = -3*k - 41, -4*x - 20 = 0. Calculate the remainder when k is divided by 46.
37
Let t(d) = 2*d**2 - 2*d - 1. Let m(s) = -s**3 + 6*s**2 - 9*s + 6. What is the remainder when t(2) is divided by m(4)?
1
Suppose 0 + 4 = 4*m. Suppose -4*v - m = 2*u - 7, -4*u = -2*v + 28. Suppose v*a - 40 = 4*n, -3*n - 25 = a - 3*a. What is the remainder when 13 is divided by a?
3
Let n = -19 - -10. Let l = n + -8. Let a = 28 + l. Calculate the remainder when 20 is divided by a.
9
Calculate the remainder when ((-44)/6)/(11/((-231)/14)) is divided by 8.
3
Suppose -2*k = k - 264. Suppose k = 5*y - 257. What is the remainder when y is divided by 35?
34
Let p(l) = -l**3 + 4*l**2 + 2. Let y be p(4). Suppose y = -2*u + 4*u. Let i(f) = f + 6. Calculate the remainder when i(-4) is divided by u.
0
Suppose -3*z + 263 = -2*k, -2*z + 4*k + k + 168 = 0. What is the remainder when z is divided by 15?
14
What is the remainder when 1 + 27 - (4 - -1) is divided by 8?
7
Let x be 7/(-2)*2 - -2. Let c(h) = h**2 + 4*h + 7. Calculate the remainder when 33 is divided by c(x).
9
Let i(x) = -x**3 - 7*x**2 - x - 3. Let u be i(-7). Let w = u + 1. Suppose -w*o - 1 + 21 = 0. What is the remainder when o is divided by 2?
0
Let h(o) = o + 6. Let i be h(-5). Let a(m) = 7*m + 1. Suppose 5*d = -5*y + 20 + 30, 3*d - 2*y = 5. What is the remainder when a(i) is divided by d?
3
Suppose -f + 3*f + 2*k - 82 = 0, -8 = 4*k. What is the remainder when f is divided by 23?
20
Let t = 51 - 27. Let h(k) = 3*k - 4. What is the remainder when h(5) is divided by (t/(-28))/((-2)/14)?
5
Let x(i) = 6*i**2 - 5*i + 4. Suppose 0*q - 2*q + z = -25, 2*z = 5*q - 65. What is the remainder when x(3) is divided by q?
13
Suppose -c + 29 = j, 73 = -c + 3*c - j. Calculate the remainder when 66 is divided by c.
32
Let o = 4 - 2. Suppose 3*c = -o*c - 10. Calculate the remainder when 16 is divided by 2 + (2 - (-4 - c)).
4
Let b(y) = 3*y**3 + 2*y**2 - 4*y + 2. What is the remainder when b(2) is divided by 2/5 - 68/(-5)?
12
Suppose -25 + 9 = -4*q. What is the remainder when 5 is divided by q?
1
Let i(z) = -z**3 + 7*z**2 + 11*z. What is the remainder when 94 is divided by i(8)?
22
Suppose 4*o - 5*s - 45 = 0, 30 = 2*o + 3*o - s. Suppose 0*t + 2*t - 124 = -o*n, 3*t + 87 = 3*n. What is the remainder when 51 is divided by n?
25
Calculate the remainder when 100 is divided by 0 - -3 - (3 + -28 + 2).
22
Let p(u) = -3*u - 21. What is the remainder when p(-13) is divided by 6?
0
Let u(g) = 6*g + 5. Let c(k) = -k**2 + 18*k + 16. Let x(s) = -2*c(s) + 7*u(s). Calculate the remainder when 21 is divided by x(-4).
10
Suppose -3*z + 70 = -4*o - 209, 4*o + z + 259 = 0. Let i = 101 + o. Calculate the remainder when i is divided by 18*(2 - 4/3).
11
Suppose 7 = -3*c - 17. Let s = c - -17. Calculate the remainder when s is divided by 4.
1
Let z(d) = 6*d**2 + 0*d + d**3 + d**2 +